 base 11
112274a
22033121302 (base 4) to base 7
31550422
What is -100021212112 (base 3) in base 4?
-230221211
1906a (base 12) to base 3
1211220001
What is -3a6a6 (base 15) in base 13?
-67239
-103c0 (base 14) to base 10
-39172
8730545 (base 9) to base 11
270aa01
311221330031 (base 4) to base 10
14065421
Convert -53201324 (base 6) to base 7.
-16136050
What is 22002120121100 (base 3) in base 5?
2100133040
Convert -958582 (base 12) to base 9.
-4383268
What is 1ce3f6 (base 16) in base 6?
104325330
What is -6264407 (base 8) in base 15?
-22d642
What is d49b (base 16) in base 13?
1ba09
Convert 125013135 (base 6) to base 12.
9b41ab
-6638957 (base 10) to base 3
-110111021221022
Convert 41611172 (base 8) to base 6.
513421522
What is d28872 (base 14) in base 3?
111100022121202
-66722 (base 8) to base 16
-6dd2
Convert -598793 (base 10) to base 12.
-24a635
What is 117a9a (base 13) in base 2?
1100101110100011010
Convert 2660457 (base 8) to base 5.
142331100
Convert -13a315 (base 14) to base 3.
-1021121022122
-2a24a66 (base 11) to base 5
-2312031040
What is -1000001010100011110 (base 2) in base 12?
-10a9ba
Convert 323311031 (base 5) to base 9.
2541045
What is 2834050 (base 9) in base 15?
20b913
337882 (base 11) to base 10
537451
-121240643 (base 7) to base 11
-4302848
188025 (base 14) to base 16
d3b41
Convert 23a3153 (base 13) to base 10.
11059935
What is -aa7fe (base 16) in base 10?
-698366
33323 (base 10) to base 13
12224
Convert -3321433 (base 5) to base 16.
-e18f
Convert 187203 (base 10) to base 15.
3a703
What is 220513 (base 10) in base 15?
4550d
-781124 (base 12) to base 15
-27ac27
Convert -12bdad (base 15) to base 9.
-1622641
What is 31323321 (base 5) in base 8?
775736
-1603244 (base 7) to base 14
-5a094
What is 675b (base 16) in base 10?
26459
14525 (base 11) to base 7
114023
Convert 1462435 (base 8) to base 12.
182651
Convert 126155436 (base 7) to base 10.
8148531
Convert 1100111101010001010 (base 2) to base 6.
13033402
What is 10010111111101101111100 (base 2) in base 3?
100100222200220
Convert -6250210 (base 10) to base 4.
-113311323202
Convert 3246521 (base 7) to base 15.
7d108
Convert 5698 (base 15) to base 4.
10133000
2466662 (base 8) to base 10
683442
Convert 169c2d (base 14) to base 16.
c2311
What is 332a61 (base 13) in base 7?
13151143
-1031132320 (base 4) to base 8
-1153670
What is 12505520 (base 6) in base 13?
116220
What is -14325650 (base 7) in base 14?
-2726d0
What is 9134981 (base 10) in base 3?
122012002211122
-2aac0b (base 14) to base 3
-2210200100210
-24230110 (base 5) to base 9
-375226
What is -2443203 (base 7) in base 15?
-62c40
Convert 1001130412 (base 5) to base 13.
541582
1325322 (base 7) to base 4
222222132
-1e40d (base 15) to base 10
-98788
What is 3173e9 (base 16) in base 14?
605157
Convert -1010100001111000111 (base 2) to base 13.
-c107b
112233130223 (base 4) to base 5
3011232030
-649666 (base 10) to base 3
-1020000011201
13121130311 (base 4) to base 10
1939253
What is 252421156 (base 7) in base 12?
541531a
14654785 (base 9) to base 4
123312011000
20101120210201 (base 3) to base 8
14752605
-313211331 (base 4) to base 11
-146099
-221201222001 (base 3) to base 2
-1111011101100000101
Convert 467576 (base 14) to base 3.
11112001001002
What is -66cd72 (base 14) in base 7?
-41455502
What is 9b6a19 (base 13) in base 2?
1110000000001010101110
What is 4d99 (base 14) in base 6?
143123
113333233 (base 4) to base 14
27b67
Convert 124981 (base 11) to base 10.
196835
Convert e4e35 (base 16) to base 10.
937525
584882 (base 10) to base 16
8ecb2
Convert 3410144 (base 7) to base 14.
b005b
-204b3c (base 13) to base 2
-10110111111010000100
6c38a8 (base 15) to base 13
10c2b30
c3d946 (base 16) to base 11
7277261
33555440 (base 6) to base 10
1026384
What is 2ba0e (base 16) in base 15?
37e37
Convert 26051 (base 14) to base 2.
10110110010110111
Convert 5326032 (base 9) to base 4.
22320100211
Convert 3423435 (base 12) to base 5.
10030004203
Convert 721771 (base 8) to base 12.
b60a1
What is 27cfde (base 16) in base 13?
704775
4505 (base 16) to base 5
1031134
-16251461 (base 10) to base 14
-2230789
-100101200112222 (base 3) to base 11
-2900617
What is -4a4229 (base 11) in base 15?
-10adab
Convert 4304634 (base 8) to base 9.
2141534
102221210001211 (base 3) to base 4
120033012010
-2550352 (base 7) to base 15
-68367
What is 86012 (base 9) in base 4?
31320221
135412 (base 6) to base 12
7568
What is 24300010 (base 5) in base 4?
313230202
Convert 33101023333 (base 4) to base 5.
2011040214
What is 1623711 (base 10) in base 11?
a09a11
What is 28331 (base 9) in base 11?
13498
-21331322 (base 4) to base 14
-10c42
What is 1470541 (base 8) in base 9?
713176
Convert -1ad5c (base 16) to base 13.
-3b051
What is -12237 (base 15) in base 2?
-1110001000010101
-1183d3 (base 16) to base 11
-714449
What is 13353245 (base 6) in base 16?
6df9d
What is -789c18 (base 13) in base 10?
-2849361
Convert -1211344132 (base 5) to base 9.
-5308437
20201121302 (base 4) to base 7
24663014
What is -481a5b (base 12) in base 8?
-4342247
Convert 163404 (base 7) to base 2.
111111010111010
Convert 22223101013 (base 4) to base 15.
3a4378
What is 2000233312 (base 4) in base 3?
222210101111
Convert -20330134 (base 5) to base 11.
-104973
-1abd8 (base 15) to base 2
-10101010000001101
-806571 (base 10) to base 9
-1458360
-2021302313 (base 5) to base 14
-785a41
57910 (base 12) to base 3
12221121110
What is -23430400 (base 5) in base 14?
-5942c
What is -2502565 (base 7) in base 9?
-537341
Convert -1354ccc (base 14) to base 7.
-142314245
Convert 408490 (base 10) to base 12.
17848a
-10110101010000001011011 (base 2) to base 14
-b08671
What is -2a3b214 (base 13) in base 10?
-13476753
-1a01722 (base 11) to base 16
-33a3d1
What is -22222213012 (base 4) in base 12?
-b2a05a
-82ed5 (base 15) to base 8
-1452574
What is -30324210 (base 5) in base 15?
-4cb55
Convert -3320202121 (base 4) to base 11.
-635933
Convert -201212200 (base 4) to base 12.
-67794
What is 2022200112 (base 3) in base 6?
551322
Convert -8b4206 (base 12) to base 13.
-5cc247
What is -2546236 (base 7) in base 4?
-1100311300
Convert d15751 (base 14) to base 5.
3300422131
What is -45b7b (base 12) in base 10?
-93263
What is -14072546 (base 8) in base 4?
-30013111212
Convert -30033311003 (base 4) to base 8.
-14176503
Convert 4bd83 (base 14) to base 12.
8bb27
Convert -2131e (base 16) to base 3.
-20220111210
-1789d7 (base 14) to base 2
-11001010110010110001
What is -560151 (base 7) in base 3?
-12000011010
31023121310 (base 4) to base 7
41235443
2d660 (base 15) to base 13
51933
Convert 335112212 (base 6) to base 3.
102112000010222
Convert 17135 (base 8) to base 7.
31443
-65423 (base 8) to base 9
-41536
-1a37154 (base 11) to base 10
-3435491
1057562 (base 11) to base 4
13010310210
325314 (base 7) to base 8
157410
19707 (base 15) to base 6
1434154
What is -47047705 (base 8) in base 4?
-213010333011
11000100011100000 (base 2) to base 16
188e0
What is -105202210 (base 6) in base 7?
-22252533
What is -5874de (base 15) in base 2?
-10000000111111000110001
What is -1214363 (base 9) in base 12?
-279670
Convert 3021030 (base 5) to base 4.
23302021
What is -b34d1 (base 15) in base 3?
-1001212021121
What is 252722 (base 13) in base 2?
11011001100001110100
Convert 100d81 (base 14) to base 5.
114243420
1897d8 (base 16) to base 4
12021133120
What is -101000100010101011000 (base 2) in base 8?
-5042530
What is -36416 (base 9) in base 16?
-5f4c
1555087 (base 13) to base 3
110212100211201
Convert -2500122 (base 6) to base 16.
-20492
Convert 1401011201 (base 6) to base 11.
95654a2
What is -12021111202102 (base 3) in base 15?
-3a61ae
-20133234 (base 6) to base 4
-2023231312
What is 14413021 (base 5) in base 14?
4025a
Convert -100111110010010010110 (base 2) to base 6.
-43535354
What is b4205 (base 13) in base 8?
1167346
What is 18014 (base 15) in base 4?
102331030
-1c3acf (base 16) to base 13
-4ca117
Convert -43539 (base 11) to base 4.
-33123210
6145c (base 15) to base 14
80400
What is 344640 (base 7) in base 14?
186c7
What is -1214124 (base 8) in base 16?
-51854
Convert -208164 (base 10) to base 11.
-132440
What is 100101101001111011 (base 2) in base 12?
7530b
4211224 (base 6) to base 15
405a1
What is 248573 (base 12) in base 6?
20431423
-22310545 (base 6) to base 10
